emainder when 20 is divided by o?
6
Suppose 0 = -2*x + 4*v - 52, -8 = 5*x + 3*v + 174. Calculate the remainder when 32 is divided by (5 - 4)/((-2)/x).
15
Let j be (-4)/(-12) + (-1)/3. Let a = 0 - j. Suppose -28 = -k - a*k. Calculate the remainder when k is divided by 15.
13
Calculate the remainder when -10*9/((-18)/4) is divided by 11.
9
Calculate the remainder when 4 is divided by (-18)/(-8) - 10/40.
0
Let g = 35 - -38. Suppose -2*v + 0*v = -4*u - 34, v - u = 18. What is the remainder when g is divided by v?
16
Suppose -6 + 0 = -2*j. Suppose 0*w = -w + b + 13, w + 2*b - 4 = 0. Calculate the remainder when w is divided by j.
1
Let f = -36 + 59. Calculate the remainder when ((-14)/10 - -1)*-110 is divided by f.
21
Let y = -11 - -21. Let r = -2 + 6. Suppose 5*o = -4*d + 16, -4*o - r*d = -3*o. Calculate the remainder when y is divided by o.
2
Suppose 6*y - 5*y - 2 = 0. Suppose -y*j + 105 - 35 = 0. Calculate the remainder when j is divided by 12.
11
Let a be 20/(-8)*-1*10. Suppose -5*t + a = -50. Let k = t + 7. Calculate the remainder when k is divided by 8.
6
Let a = 2 - 2. Suppose 3*z + 0*z + 30 = a. Calculate the remainder when ((-28)/z)/((-1)/(-5)) is divided by 5.
4
Suppose -f + 3*u = 13, 2*f + 3*f + 3*u = 25. Calculate the remainder when 55 is divided by -14*f*(-2)/4.
13
Let k = -21 - -32. Suppose 6 = y - 5*y - 2*v, -y + 2*v + k = 0. Calculate the remainder when 20 is divided by 0 + -1 + y + 11.
9
Calculate the remainder when 23 is divided by 4 + 44/(-10) - (-72)/5.
9
Let w(r) = -18*r**3 + r**2 - 3*r - 3. What is the remainder when w(-1) is divided by 10?
9
Let c(s) = -s + 7. Let h be c(3). Suppose -u - 5*q = 2*u + 2, 0 = -4*u + 5*q + 44. Suppose y - h = u. What is the remainder when 18 is divided by y?
8
Let c(w) = 3*w**2 + w. Let p be c(-1). Suppose 0 = -p*b + 5*b - 45. What is the remainder when 29 is divided by b?
14
Let t(u) = 8*u - 18. Let f be t(12). What is the remainder when 5 is divided by (-12)/f - 41/(-13)?
2
What is the remainder when (32/(-20))/(2 + (-528)/260) is divided by 18?
16
Suppose -4*l = -o - 61, 0 = -l - 3*o + o + 22. Calculate the remainder when 31 is divided by l.
15
Suppose -3*o - o = 8. Let t(x) = -5*x**3 + 4*x**2 + 2*x - 2. What is the remainder when t(o) is divided by 13?
11
Let r(c) = -2*c**3 - 3*c**2 - 6*c - 4. What is the remainder when r(-2) is divided by 9?
3
Let i(q) = 5*q**2 + 5*q - 1. Calculate the remainder when i(-4) is divided by 21.
17
Suppose 0 = -2*z + 21 + 15. Calculate the remainder when 30 is divided by z.
12
Suppose 0*w = 11*w - 132. Calculate the remainder when 107 is divided by w.
11
Let q(x) = 6*x**3 + 3*x**2 + x - 3. What is the remainder when q(2) is divided by 10?
9
Let b be 6/4*(-2 - -36). Suppose -3*h - 4*t = -157, -4*t - 87 - b = -2*h. What is the remainder when h is divided by 20?
19
Let q(l) = -2*l + 10. What is the remainder when 36 is divided by q(0)?
6
Suppose d - 25 = l - 4*l, 3*d - 95 = -4*l. Suppose -2*w + 27 = 2*w - 3*f, 3*w - 4*f = 29. Suppose -60 = -3*n - w. What is the remainder when d is divided by n?
18
Suppose 4*u - 36 = 4*c, 2*u + 3*c - 9 = 2*c. What is the remainder when 11 is divided by u?
5
Let i(s) = -s**3 - 7*s**2 - 8*s - 8. Let g be i(-6). Suppose 48 = -g*y + 152. Let j(a) = a**2 - 4*a + 4. Calculate the remainder when y is divided by j(5).
8
Let d be (86/8)/((-2)/(-8)). Suppose 1 = 4*i + 4*y - d, y = -2*i + 21. Let x(r) = -r**3 + r**2 + 4. What is the remainder when i is divided by x(0)?
2
Suppose -11*p + 81 = -8*p. Calculate the remainder when p is divided by 10.
7
Let z = 19 + -17. Suppose -81 = -z*u - 9. Calculate the remainder when u is divided by 13.
10
Suppose -160 = -30*u + 26*u. Calculate the remainder when u is divided by 22.
18
Suppose 0 = 2*t + 5 - 25. Let r(z) = -z**2 - 5*z - 4. Let x be r(-3). Suppose 0 = x*m, -4*m + 66 + 46 = 4*j. Calculate the remainder when j is divided by t.
8
Suppose -h = -3*q - 10, q + 5*h + 1 = -q. Let z(v) = v**2 + 4*v + 4. What is the remainder when 2 is divided by z(q)?
0
Let m = -49 - -25. What is the remainder when 11 is divided by ((-3)/6)/(2/m)?
5
Suppose 2*h + 3*r - 11 = 21, 0 = 3*h + 4*r - 47. What is the remainder when h is divided by 5?
3
Let n be 5 + -2 + 0 + 2. Suppose n*s = 2*z + 17, -2*z = 3*z + 5. What is the remainder when 10 is divided by s?
1
Let z be 3 + -1 + -4 + 2. Suppose z = l + 2*y - 19, -2*y = 2*y - 16. Calculate the remainder when 21 is divided by l.
10
Let g = 15 + -1. Let p(v) = 4*v + 5. What is the remainder when p(5) is divided by g?
11
Let q(l) = -2*l - 9. What is the remainder when q(-11) is divided by ((-5)/3)/((-2)/6)?
3
Let p = 5 + -10. Let y(a) = -a**3 - 7*a**2 - 7*a - 6. Let d be y(p). Let r = 45 + d. What is the remainder when r is divided by 13?
11
Let d be -1*(3 - -3) - -3. Calculate the remainder when 29 is divided by ((-1)/d)/((-1)/(-45)).
14
Let g(t) = -2*t - 17. Let j be g(-10). Suppose -j*h = k - 185, k - 8 = 3*k. Calculate the remainder when h is divided by 22.
19
Let d = -17 - -27. Let u = -23 - -52. Calculate the remainder when u is divided by d.
9
Suppose -a = -15 - 1. Suppose -s = i - 6*i + a, 18 = 5*i - 3*s. Let o(l) = 5*l**2 - 1. What is the remainder when o(-1) is divided by i?
1
Suppose y - 30 = -2*q + 3*y, -2*q - 4*y = -24. Calculate the remainder when 41 is divided by q.
13
Let i = 1 + -1. Let f = i - -10. Calculate the remainder when f is divided by 6.
4
Let d = 9 - -6. Suppose -2*o + 2*k + 4 = 0, 4*o = 3*k - 3 + d. What is the remainder when 10 is divided by o?
4
Let o(v) = -v**3 + 23*v**2 + 46. What is the remainder when o(23) is divided by 18?
10
Let f = 1 - 4. What is the remainder when 14 is divided by (-3 - (0 + f)) + 8?
6
Suppose 0 = 4*r - 0*r + 252. Let j = -30 - r. Let v(y) = -y**2 + 17*y + 1. Calculate the remainder when j is divided by v(16).
16
Let x(l) = -l**3 - 4*l**2 - 2*l - 8. Let r(t) = 4*t - 50. What is the remainder when x(-6) is divided by r(19)?
24
Let c(r) = 3*r**2 - 13*r - 14. What is the remainder when c(7) is divided by 8?
2
Suppose 31 = 3*j + 2*s, 0 = -4*j - j - 4*s + 53. Calculate the remainder when 14 is divided by j.
5
Let a = 18 + -13. Let j(n) = 3*n**2 - 3*n - 8. What is the remainder when j(a) is divided by 11?
8
Let m(j) = 10*j + 0 - 4*j + 4. Calculate the remainder when m(4) is divided by -4*1*(-10)/4.
8
Let d be (-19)/(-7) + (-8)/(-28). Suppose 4 - 5 = b - 3*o, 3*b - d*o - 27 = 0. Let a = -19 - -59. Calculate the remainder when a is divided by b.
12
Let a be ((-10)/6)/(2/(-36)). Suppose 0*y = -5*y + a. What is the remainder when y is divided by 3?
0
Suppose -5*p = 2*l - 3*l + 26, -5 = -5*l. Let f(z) = -2*z**2 - 6*z - 6. Let u be f(p). Calculate the remainder when 3 + -1 + -4 - u is divided by 9.
6
Let p(w) = -w**2 - 4*w + 4. Let z be p(-4). Calculate the remainder when z - (4 - (44 - -2)) is divided by 16.
14
Let s(r) = 75*r**3 - r**2 + r - 1. Suppose -3*p - 11 - 16 = 0. Let a = -8 - p. Calculate the remainder when s(a) is divided by 19.
17
Let d(v) = -v + 8. Let k be d(4). Suppose -3 = -k*q + 109. Let x = -18 + q. Calculate the remainder when 19 is divided by x.
9
Let g = -8 - -11. Suppose n + 3*z = 17, -6*z + g*z = -9. Calculate the remainder when 13 is divided by n.
5
Let g(d) = d**3 + d**2 - d + 8. Let v be g(0). Let m = 9 - v. Suppose 0 = -3*y + y + 4. Calculate the remainder when y is divided by m.
0
What is the remainder when 3 is divided by 3/(-2)*(6 + -8)?
0
Suppose 0*j - 2*j = -30. Calculate the remainder when ((-5)/((-25)/(-2)))/((-15)/2175) is divided by j.
13
Let z(q) = -5*q**2 + 7*q - 3. Let g(t) = 3*t**2 - 3*t + 2. Let k(m) = -7*g(m) - 4*z(m). Calculate the remainder when 5 is divided by k(-6).
1
Suppose l + 8 = 3*l. Let j(n) = n**2 - 2. What is the remainder when j(-3) is divided by l?
3
Suppose -12 = -2*h + 78. Suppose -3*f - 1 + 7 = 0. Calculate the remainder when h is divided by -3*24/(-9)*f.
13
Suppose -3*l - 40 = -5*d - l, 5*l = -25. What is the remainder when 28 is divided by d?
4
Let y(h) = h**2 - h - 4. What is the remainder when y(4) is divided by 3?
2
Suppose 2*f - 3*i = 47, -4*i + 0*i = 20. Let m(d) = d**3 - 3*d**2 - 2*d + 1. Calculate the remainder when f is divided by m(4).
7
Let u(t) = t**2 - 6*t + 3. Let y be u(5). Let k be y/(-4)*-1*-62. Suppose 4*r - k = 2*d - 5*d, -4*d = r + 2. What is the remaind